{"id":364,"date":"2025-05-06T12:20:54","date_gmt":"2025-05-06T10:20:54","guid":{"rendered":"https:\/\/apelmunich.org\/?page_id=364"},"modified":"2026-01-26T10:48:54","modified_gmt":"2026-01-26T08:48:54","slug":"guide-des-nouveaux-eleves","status":"publish","type":"page","link":"https:\/\/apelmunich.org\/?page_id=364","title":{"rendered":"Guide nouveaux \u00e9l\u00e8ves"},"content":{"rendered":"\n<h2 class=\"wp-block-heading has-text-align-center\">Le guide des nouveaux \u00e9l\u00e8ves du Lyc\u00e9e Jean Renoir<\/h2>\n\n\n<h3 style=\"text-align: center;\"><span class=\"diyfeDecoration\">Ce Guide est r\u00e9alis\u00e9 par les parents d&#8217;\u00e9l\u00e8ves et r\u00e9dig\u00e9 en collaboration avec la direction du Lyc\u00e9e. Pour le dossier sixi\u00e8me nous avons \u00e9galement recueilli l&#8217;avis de coll\u00e9giens puisqu&#8217;il s&#8217;adresse \u00e0 leurs pairs, les nouveaux coll\u00e9giens.<\/span><\/h3>\n<p style=\"text-align: center;\">Le guide est en train d\u00b4\u00eatre mis \u00e0 jour. Nous allons mettre en ligne une version actualis\u00e9e le plus rapidement possible. Merci pour votre compr\u00e9hension.<\/p>\n\n\n<div style=\"height:61px\" aria-hidden=\"true\" class=\"wp-block-spacer\"><\/div>\n\n\n\n<div class=\"wp-block-columns is-layout-flex wp-container-core-columns-is-layout-9d6595d7 wp-block-columns-is-layout-flex\">\n<div class=\"wp-block-column is-layout-flow wp-block-column-is-layout-flow\">\n<figure class=\"wp-block-gallery has-nested-images columns-default is-cropped wp-block-gallery-1 is-layout-flex wp-block-gallery-is-layout-flex\">\n<figure class=\"wp-block-image size-large\"><img fetchpriority=\"high\" decoding=\"async\" width=\"1024\" height=\"1024\" data-id=\"1290\" src=\"https:\/\/apelmunich.org\/wp-content\/uploads\/2025\/05\/Travaux-12.png\" alt=\"\" class=\"wp-image-1290\" srcset=\"https:\/\/apelmunich.org\/wp-content\/uploads\/2025\/05\/Travaux-12.png 1024w, https:\/\/apelmunich.org\/wp-content\/uploads\/2025\/05\/Travaux-12-300x300.png 300w, https:\/\/apelmunich.org\/wp-content\/uploads\/2025\/05\/Travaux-12-150x150.png 150w, https:\/\/apelmunich.org\/wp-content\/uploads\/2025\/05\/Travaux-12-768x768.png 768w\" sizes=\"(max-width: 1024px) 100vw, 1024px\" \/><figcaption class=\"wp-element-caption\"><mark style=\"background-color:rgba(0, 0, 0, 0)\" class=\"has-inline-color has-black-color\">Guide nouveaux \u00e9l\u00e8ves<\/mark><\/figcaption><\/figure>\n<\/figure>\n<\/div>\n\n\n\n<div class=\"wp-block-column is-layout-flow wp-block-column-is-layout-flow\"><a href=\"https:\/\/apelmunich.org\/wp-content\/uploads\/2025\/05\/Code-de-conduite-WhatsApp.pdf\" class=\"pdfemb-viewer\" style=\"\" data-width=\"max\" data-height=\"max\" data-toolbar=\"bottom\" data-toolbar-fixed=\"off\">Code-de-conduite-WhatsApp<\/a><\/div>\n<\/div>\n\n\n\n<div style=\"height:28px\" aria-hidden=\"true\" class=\"wp-block-spacer\"><\/div>\n\n\n\n<hr class=\"wp-block-separator has-alpha-channel-opacity\"\/>\n\n\n\n<div style=\"height:28px\" aria-hidden=\"true\" class=\"wp-block-spacer\"><\/div>\n\n\n<p><span style=\"color: #1980c2;\"><strong>ATTENTION<\/strong><\/span>:\u00a0NOTE TRES IMPORTANTE POUR LES NOUVEAUX ARRIVANTS:\u00a0<\/p>\n<p><span style=\"color: #1980c2;\"><strong>Livres Scolaires :<\/strong><\/span><\/p>\n<p><strong><span style=\"color: #1980c2;\">La commande des livres scolaires n\u00b4est pas prise en charge par l\u00b4\u00e9tablissement, l\u00b4APELM vous propose une <a href=\"https:\/\/apelmunich.org\/?page_id=1223\" target=\"_blank\" rel=\"noopener\">commande group\u00e9e<\/a> en partenariat avec la librairie LDE : les manuels command\u00e9s arrivent directement au Lyc\u00e9e Jean Renoir et sont remis \u00e0 vos enfants le jour de la rentr\u00e9e des classes. Vous pouvez cependant \u00e9galement passer commande via les sites de ventes par correspondance, ou par la librairie de votre choix.<\/span><\/strong><\/p>\n\n\n<div style=\"height:36px\" aria-hidden=\"true\" class=\"wp-block-spacer\"><\/div>\n\n\n\n<hr class=\"wp-block-separator has-alpha-channel-opacity\"\/>\n\n\n\n<div style=\"height:37px\" aria-hidden=\"true\" class=\"wp-block-spacer\"><\/div>\n\n\n<p><strong>N\u00b4oubliez pas de consulter le site du lyc\u00e9e :<\/strong>\u00a0\u00a0<a href=\"http:\/\/www.lycee-jean-renoir.de\/\" target=\"_blank\" rel=\"noopener\">www.lycee-jean-renoir.de<\/a><\/p>\n\n\n<div class=\"wp-block-columns is-layout-flex wp-container-core-columns-is-layout-9d6595d7 wp-block-columns-is-layout-flex\">\n<div class=\"wp-block-column is-layout-flow wp-block-column-is-layout-flow\"><\/div>\n\n\n\n<div class=\"wp-block-column is-layout-flow wp-block-column-is-layout-flow\"><\/div>\n<\/div>\n","protected":false},"excerpt":{"rendered":"<p>Le guide des nouveaux \u00e9l\u00e8ves du Lyc\u00e9e Jean Renoir Ce Guide est r\u00e9alis\u00e9 par les parents d&#8217;\u00e9l\u00e8ves et r\u00e9dig\u00e9 en collaboration avec la direction du Lyc\u00e9e. Pour le dossier sixi\u00e8me nous avons \u00e9galement recueilli l&#8217;avis de coll\u00e9giens puisqu&#8217;il s&#8217;adresse \u00e0 leurs pairs, les nouveaux coll\u00e9giens. Le guide est en train d\u00b4\u00eatre mis \u00e0 jour. Nous&hellip; <br \/> <a class=\"read-more\" href=\"https:\/\/apelmunich.org\/?page_id=364\">Lire la suite<\/a><\/p>\n","protected":false},"author":2,"featured_media":0,"parent":0,"menu_order":0,"comment_status":"closed","ping_status":"closed","template":"","meta":{"footnotes":""},"class_list":["post-364","page","type-page","status-publish","hentry"],"_links":{"self":[{"href":"https:\/\/apelmunich.org\/index.php?rest_route=\/wp\/v2\/pages\/364","targetHints":{"allow":["GET"]}}],"collection":[{"href":"https:\/\/apelmunich.org\/index.php?rest_route=\/wp\/v2\/pages"}],"about":[{"href":"https:\/\/apelmunich.org\/index.php?rest_route=\/wp\/v2\/types\/page"}],"author":[{"embeddable":true,"href":"https:\/\/apelmunich.org\/index.php?rest_route=\/wp\/v2\/users\/2"}],"replies":[{"embeddable":true,"href":"https:\/\/apelmunich.org\/index.php?rest_route=%2Fwp%2Fv2%2Fcomments&post=364"}],"version-history":[{"count":64,"href":"https:\/\/apelmunich.org\/index.php?rest_route=\/wp\/v2\/pages\/364\/revisions"}],"predecessor-version":[{"id":1752,"href":"https:\/\/apelmunich.org\/index.php?rest_route=\/wp\/v2\/pages\/364\/revisions\/1752"}],"wp:attachment":[{"href":"https:\/\/apelmunich.org\/index.php?rest_route=%2Fwp%2Fv2%2Fmedia&parent=364"}],"curies":[{"name":"wp","href":"https:\/\/api.w.org\/{rel}","templated":true}]}}

Guide nouveaux élèves

<h2 class="wp-block-heading has-text-align-center">Le guide des nouveaux élèves du Lycée Jean Renoir</h2>


<h3 style="text-align: center;"><span class="diyfeDecoration">Ce Guide est réalisé par les parents d&#8217;élèves et rédigé en collaboration avec la direction du Lycée. Pour le dossier sixième nous avons également recueilli l&#8217;avis de collégiens puisqu&#8217;il s&#8217;adresse à leurs pairs, les nouveaux collégiens.</span></h3>
<p style="text-align: center;">Le guide est en train d´être mis à jour. Nous allons mettre en ligne une version actualisée le plus rapidement possible. Merci pour votre compréhension.</p>


<div style="height:61px" aria-hidden="true" class="wp-block-spacer"></div>



<div class="wp-block-columns is-layout-flex wp-container-core-columns-is-layout-9d6595d7 wp-block-columns-is-layout-flex">
<div class="wp-block-column is-layout-flow wp-block-column-is-layout-flow">
<figure class="wp-block-gallery has-nested-images columns-default is-cropped wp-block-gallery-1 is-layout-flex wp-block-gallery-is-layout-flex">
<figure class="wp-block-image size-large"><img fetchpriority="high" decoding="async" width="1024" height="1024" data-id="1290" src="https://apelmunich.org/wp-content/uploads/2025/05/Travaux-12.png" alt="" class="wp-image-1290" srcset="https://apelmunich.org/wp-content/uploads/2025/05/Travaux-12.png 1024w, https://apelmunich.org/wp-content/uploads/2025/05/Travaux-12-300x300.png 300w, https://apelmunich.org/wp-content/uploads/2025/05/Travaux-12-150x150.png 150w, https://apelmunich.org/wp-content/uploads/2025/05/Travaux-12-768x768.png 768w" sizes="(max-width: 1024px) 100vw, 1024px" /><figcaption class="wp-element-caption"><mark style="background-color:rgba(0, 0, 0, 0)" class="has-inline-color has-black-color">Guide nouveaux élèves</mark></figcaption></figure>
</figure>
</div>



<div class="wp-block-column is-layout-flow wp-block-column-is-layout-flow"><a href="https://apelmunich.org/wp-content/uploads/2025/05/Code-de-conduite-WhatsApp.pdf" class="pdfemb-viewer" style="" data-width="max" data-height="max" data-toolbar="bottom" data-toolbar-fixed="off">Code-de-conduite-WhatsApp</a></div>
</div>



<div style="height:28px" aria-hidden="true" class="wp-block-spacer"></div>



<hr class="wp-block-separator has-alpha-channel-opacity"/>



<div style="height:28px" aria-hidden="true" class="wp-block-spacer"></div>


<p><span style="color: #1980c2;"><strong>ATTENTION</strong></span>: NOTE TRES IMPORTANTE POUR LES NOUVEAUX ARRIVANTS: </p>
<p><span style="color: #1980c2;"><strong>Livres Scolaires :</strong></span></p>
<p><strong><span style="color: #1980c2;">La commande des livres scolaires n´est pas prise en charge par l´établissement, l´APELM vous propose une <a href="https://apelmunich.org/?page_id=1223" target="_blank" rel="noopener">commande groupée</a> en partenariat avec la librairie LDE : les manuels commandés arrivent directement au Lycée Jean Renoir et sont remis à vos enfants le jour de la rentrée des classes. Vous pouvez cependant également passer commande via les sites de ventes par correspondance, ou par la librairie de votre choix.</span></strong></p>


<div style="height:36px" aria-hidden="true" class="wp-block-spacer"></div>



<hr class="wp-block-separator has-alpha-channel-opacity"/>



<div style="height:37px" aria-hidden="true" class="wp-block-spacer"></div>


<p><strong>N´oubliez pas de consulter le site du lycée :</strong>  <a href="http://www.lycee-jean-renoir.de/" target="_blank" rel="noopener">www.lycee-jean-renoir.de</a></p>


<div class="wp-block-columns is-layout-flex wp-container-core-columns-is-layout-9d6595d7 wp-block-columns-is-layout-flex">
<div class="wp-block-column is-layout-flow wp-block-column-is-layout-flow"></div>



<div class="wp-block-column is-layout-flow wp-block-column-is-layout-flow"></div>
</div>

<p>Le guide des nouveaux élèves du Lycée Jean Renoir Ce Guide est réalisé par les parents d&#8217;élèves et rédigé en collaboration avec la direction du Lycée. Pour le dossier sixième nous avons également recueilli l&#8217;avis de collégiens puisqu&#8217;il s&#8217;adresse à leurs pairs, les nouveaux collégiens. Le guide est en train d´être mis à jour. Nous&hellip; <br /> <a class="read-more" href="https://apelmunich.org/?page_id=364">Lire la suite</a></p>
